i**2 + 3527*i + 7051. Calculate z(-2).
-3603
Let w(q) = -q**3 + 194*q**2 + 1877*q - 327905. What is w(195)?
85
Let o(h) = -h**3 + 6*h - 3012. Calculate o(0).
-3012
Let d(j) = 2*j**3 + 137*j**2 - 1131*j - 138. Give d(-76).
-822
Let h(d) = -44*d**2 - 1310*d - 5233. Determine h(-4).
-697
Let d(g) = 154*g + 4990. What is d(-28)?
678
Let m(y) = 34*y**2 - 1370*y - 851. What is m(41)?
133
Let u(h) = 9*h**2 - 273*h + 1461. Calculate u(7).
-9
Let q(o) = -3529*o - 24815. Determine q(-7).
-112
Let q(s) = 6599*s - 92289. What is q(14)?
97
Let t(l) = -2*l**2 + 456*l - 6308. Calculate t(213).
82
Let r(g) = g**2 - 56*g + 982. Determine r(15).
367
Let v(f) = 8*f**3 + 298*f**2 + 75*f - 347. Give v(-37).
-384
Let x(v) = 2222*v - 97848. Calculate x(44).
-80
Let k(z) = -z**3 + 818*z**2 - 867*z + 40814. Give k(817).
-36
Let p(r) = 148*r**2 - 8301*r + 81. Calculate p(56).
-647
Let o(d) = -1203*d**2 - 9651*d - 208. Determine o(-8).
8
Let k(i) = -1385*i + 94394. What is k(70)?
-2556
Let m(u) = 2*u**3 - 45*u**2 + 537*u - 9973. Determine m(21).
-19
Let g(v) = -40*v**2 + 13*v - 12. Calculate g(6).
-1374
Let v(o) = -3*o**2 - 523*o + 686. Determine v(-177).
-730
Let d(j) = -j**3 + 29*j**2 - 158*j - 42. Determine d(9).
156
Let d(x) = -4396*x + 39551. Give d(9).
-13
Let p(z) = -674*z + 5907. Calculate p(9).
-159
Let u(p) = 38*p + 24529. Give u(-645).
19
Let q(y) = 263*y - 113957. Give q(434).
185
Let w(k) = -k**2 + 22*k + 11984. Determine w(-99).
5
Let a(m) = -9*m**3 + 8*m**2 + 28*m + 187. Calculate a(-9).
7144
Let v(z) = 111904*z + 112283. Give v(-1).
379
Let j(s) = -2*s**2 - 5*s + 3911. What is j(43)?
-2
Let v(a) = -9*a**3 - 34*a**2 - 9*a + 170. What is v(-6)?
944
Let z(y) = -y**3 - 9*y**2 - 1238*y - 11013. Calculate z(-9).
129
Let b(g) = -4813*g**2 - 14439*g. Give b(-3).
0
Let x(i) = 33*i**2 - 901*i + 266. What is x(27)?
-4
Let j(s) = 5043*s + 741315. What is j(-147)?
-6
Let p(b) = 17466334*b - 87331672. Calculate p(5).
-2
Let s(n) = -41*n**3 - 619*n**2 - 42*n - 61. Calculate s(-15).
-331
Let w(k) = 144*k**2 - 5057*k + 523. Determine w(35).
-72
Let o(k) = 2458*k + 715271. What is o(-291)?
-7
Let a(h) = 11942*h + 2675013. Give a(-224).
5
Let l(o) = -o - 2850. Calculate l(20).
-2870
Let k(u) = u**2 - 43*u - 4354. What is k(-48)?
14
Let j(s) = -s**2 - 77*s + 155. Give j(25).
-2395
Let z(o) = -o**3 - 69*o**2 + 242*o - 2382. Determine z(-73).
1268
Let z(j) = 36*j**2 - 158*j - 58. Give z(3).
-208
Let x(a) = 2*a**3 + 62*a**2 - 73*a - 32. What is x(5)?
1403
Let j(m) = 16*m**2 - 2472*m - 530206. Determine j(275).
-6
Let h(r) = 3*r**2 - 30*r - 287. What is h(19)?
226
Let a(r) = 496*r - 3199. Give a(6).
-223
Let k(z) = 10939*z + 98389. Calculate k(-9).
-62
Let p(y) = -7850*y + 125759. Give p(16).
159
Let o(y) = -641*y - 6592. Calculate o(-10).
-182
Let w(i) = 1391*i + 34983. Determine w(-25).
208
Let p(a) = -2*a**3 + 37*a**2 + 624*a - 11526. Determine p(19).
-31
Let v(a) = a**2 - 112*a - 40155. Give v(-152).
-27
Let u(h) = -72*h - 1990. What is u(-38)?
746
Let i(q) = -15293*q - 15220. Determine i(-1).
73
Let w(r) = -7815*r + 461214. Calculate w(59).
129
Let n(y) = -y**2 + 1576*y + 1504819. What is n(-670)?
-1
Let i(r) = r**3 + 5*r**2 - 83*r + 113. Give i(6).
11
Let h(q) = q**3 - 28*q**2 - 309*q + 3812. Give h(-14).
-94
Let u(i) = -i**2 + 49*i + 1795. What is u(75)?
-155
Let g(z) = -11*z**2 - 393*z + 3293. What is g(-43)?
-147
Let k(v) = 4*v**2 - 326*v + 5693. What is k(25)?
43
Let y(h) = 977*h - 199309. Give y(204).
-1
Let f(l) = 4*l**2 + 207*l - 1641. What is f(8)?
271
Let z(f) = 239*f**2 - 3325*f - 290. Calculate z(14).
4
Let h(t) = -5*t**3 - 1712*t**2 - 2321*t + 22504. Calculate h(-341).
-2
Let w(i) = i**2 + 3650*i - 170043. Give w(46).
-27
Let f(c) = 24*c**2 - 4390*c + 736. What is f(183)?
1102
Let u(y) = 60*y - 3269. Calculate u(74).
1171
Let w(f) = 6*f**2 + 435*f - 9121. What is w(17)?
8
Let c(w) = 442*w - 14354. Give c(31).
-652
Let b(x) = -x**2 + 454*x + 52185. Determine b(-95).
30
Let i(c) = c**2 - 3544*c + 52912. Calculate i(15).
-23
Let p(j) = -65*j**2 - 1929*j + 340. What is p(-30)?
-290
Let z(v) = 2*v**3 + 78*v**2 + 569*v - 706. What is z(-29)?
-387
Let r(f) = f**2 - 12*f - 379. What is r(44)?
1029
Let i(p) = 1046*p - 1279. What is i(1)?
-233
Let n(o) = 39*o**2 + 210*o - 6. Give n(-4).
-222
Let h(s) = -s**3 - 75*s**2 + 1840*s - 5702. What is h(-95)?
-2
Let u(p) = p**3 - 159*p**2 - 2803*p + 656. Calculate u(175).
131
Let x(k) = -446994*k + 1340983. Calculate x(3).
1
Let r(i) = 4*i**2 - 1965*i - 34600. Determine r(-17).
-39
Let r(y) = y**3 + 41*y**2 + 103*y - 296. Determine r(-37).
1369
Let h(j) = 19306*j - 521251. Calculate h(27).
11
Let o(l) = 4*l**3 - 6857*l**2 - 41285*l + 14. Calculate o(-6).
8
Let r(j) = 461*j**2 + 1167*j - 9588. Calculate r(-6).
6
Let i(q) = -q**3 + 882*q**2 - 2505*q - 115920. Determine i(879).
108
Let c(s) = -1987*s + 9908. Determine c(5).
-27
Let j(x) = 637163*x + 14654714. What is j(-23)?
-35
Let f(k) = 26*k**2 - 1326*k + 1559. What is f(49)?
-989
Let v(b) = -4*b**3 - 265*b**2 + 479*b + 228. Give v(-68).
24
Let o(p) = -46*p**2 + 126*p + 548. Determine o(5).
28
Let r(x) = -x**3 + 22*x**2 - 766*x - 2533. Give r(-3).
-10
Let y(x) = 226*x + 11402. Determine y(-50).
102
Let o(r) = 3*r**3 - 168*r**2 - 301*r + 25644. Give o(55).
14
Let n(x) = 278*x + 5998. Give n(-28).
-1786
Let q(c) = -40*c**2 - 21*c - 65. Calculate q(-2).
-183
Let i(j) = -1199*j - 189490. Give i(-158).
-48
Let l(p) = 2*p**2 + 149*p - 5763. Calculate l(-102).
-153
Let x(j) = j**3 - 114*j**2 + 755*j - 22929. Give x(109).
-39
Let q(i) = -2*i - 1226. Determine q(-14).
-1198
Let n(p) = -278*p**2 - 307*p + 26. Give n(-1).
55
Let f(s) = 19491*s - 10525132. Determine f(540).
8
Let q(v) = -4*v**2 + 499*v + 6726. Give q(-14).
-1044
Let m(v) = 13*v**3 + 802*v**2 + 1315*v - 289. Calculate m(-60).
11
Let f(r) = r**2 - 226*r + 11458. Give f(120).
-1262
Let d(a) = a**3 + 242*a**2 - 711*a + 5699. Give d(-245).
-181
Let z(x) = 43*x**3 + 18015*x**2 - 836*x + 865. Give z(-419).
27
Let x(d) = d**2 - 290*d + 7048. What is x(39)?
-2741
Let a(i) = 5*i**2 + 8725*i + 78381. Determine a(-9).
261
Let g(b) = -3*b**3 + 330*b**2 - 136*b + 14962. Give g(110).
2
Let o(z) = z**2 + 19225*z - 115370. Calculate o(6).
16
Let b(z) = 3633*z - 70341. Calculate b(19).
-1314
Let a(u) = -247*u**2 - 88177*u + 368. Calculate a(-357).
-346
Let c(m) = -4*m**2 - 1511*m - 11375. Give c(-370).
95
Let y(w) = 2*w**3 - 55*w**2 + 538*w - 12307. Give y(26).
-347
Let q(o) = 223*o**3 - 2454*o**2 + 149*o - 1523. Determine q(11).
-5
Let h(r) = r**2 + 85453*r - 2906566. What is h(34)?
-8
Let j(d) = -599*d - 35585. Give j(-65).
3350
Let t(n) = 2*n**3 + 6*n**2 + 59*n - 266. What is t(4)?
194
Let s(q) = 348*q - 8678. Give s(24).
-326
Let k(z) = -2*z**2 + 436*z - 3133. What is k(210)?
227
Let v(p) = p**2 + 700482*p - 2101454. What is v(3)?
1
Let t(l) = 2367*l + 210389. Give t(-89).
-274
Let b(s) = -s**3 - 154*s**2 - 139*s + 2215. What is b(-153)?
73
Let i(l) = -6408*l - 3274485. Calculate i(-511).
3
Let g(l) = 543*l + 3268. Calculate g(-10).
-2162
Let a(s) = -2650*s - 296816. Calculate a(-112).
-16
Let v(g) = 88*g**3 + 3262*g**2 + 180*g - 70. Give v(-37).
1484
Let d(i) = i**2 - 166*i - 4408. Give d(-32).
1928
Let v(c) = 7222*c - 63068. Calculate v(9).
1930
Let n(o) = 12*o**3 + 2*o**2 + 3*o + 67. What is n(-4)?
-681
Let s(w) = -60248*w + 1325477. Give s(22).
21
Let k(a) = -3*a**2 + 769*a + 7646. Calculate k(-10).
-344
Let b(t) = -13971*t + 14339. Give b(1).
368
Let h(u) = -u**3 + 14*u**2 + 509*u - 886. Determine h(30).
-16
Let o(y) = -y**3 - 171*y**2 - 158*y + 1927. Determine o(-170).
-113
Let u(s) = s**2 + 689*s + 44424. What is u(-72)?
0
Let s(h) = 7*h**2 - 2098*h - 612. Calculate s(300).
-12
Let y(m) = -13362*m - 534770. What is y(-40)?
-290
Let f(q) = 2*q**3 + 882*q**2 + 19*q + 7013. Calculate f(-441).
-1366
Let n(g) = 51*g**2 + 642*g - 1923. What is n(3)?
462
Let w(i) = -909*i**2 - 13633*i + 17. What is w(-15)?
-13
Let g(f) = -40*f**3 + 18120*f**2 - 2*f + 909. Calculate g(453).
3
Let v(n) = 112*n**2 - 2572*n - 82. What is v(23)?
10
Let s(b) = 5*b**2 + 1012*b + 14391. Give s(-187).
-8
Let x(a) = 72281*a - 578240. Give x(8).
8
Let p(c) = c**3 + 309*c**2 + 601*c + 90248. What is p(-308)?
4
Let x(n) = 22*n**2 + 728*n + 5097. What is x(-23)?
